ivisor of 90 and x?
10
Let f be (-31)/((-4 - -3) + 2). Let s = 62 - f. Let r(g) = 7*g**2 - 3*g - 3. Let k be r(-2). What is the greatest common divisor of k and s?
31
Suppose 0 = -5*y - 5, 27 = 5*p - 9*y + 12*y. What is the greatest common factor of p and 3?
3
Suppose 12 = -d - d. Suppose 0 = -5*y + 3*c - 670, -5*y + c - 425 = 235. Let u be 4 - y - (-3 - d). What is the highest common divisor of 12 and u?
12
Let z be -6 - (10/(-20) - (-43)/(-2)). Calculate the highest common divisor of 2696 and z.
8
Let k = 14081 - 14009. Calculate the greatest common factor of k and 80.
8
Suppose -58*t + 1008 = -52*t. Let w be 4 - 0 - (-32 - 0). Calculate the highest common divisor of w and t.
12
Suppose 9*t + 116 = 7*t. Let f = 64 + t. Suppose f*n + 44 = 10*n. What is the highest common factor of n and 99?
11
Suppose 9*f - 4 = -g + 6*f, 4*g - 44 = 2*f. Suppose 19*k + g = 24*k. What is the greatest common factor of k and 50?
2
Suppose 5*q = -2*f + 14 - 46, 22 = -3*f - q. Let i be (f - (-66)/9)*135. What is the greatest common factor of i and 300?
60
Let s be 1380/(-132)*-5 + (-12)/44. What is the greatest common factor of 559 and s?
13
Let y be (-13)/(936/(-32880))*(-132)/(-10). Calculate the highest common divisor of y and 44.
44
Let r = 159 + -154. Let c be 298/r + (-2)/(-5). What is the highest common divisor of 12 and c?
12
Let t be 5 + 1 - 2*-1. Let u = -103337 - -103345. Calculate the highest common divisor of t and u.
8
Suppose -83*h = -5*y - 78*h + 2705, -6*h + 2683 = 5*y. Calculate the highest common factor of 931 and y.
49
Let l(a) be the second derivative of a**5/20 - a**4/2 - a**3 + 8*a**2 + 3*a + 18. Let k be l(7). What is the highest common divisor of k and 759?
23
Let y be 12/5 - (-1)/10*6. Suppose -5*d = -y - 7. Suppose -d*h + 33 = 5*i, 0*i = 3*h + 3*i - 36. Calculate the highest common factor of 90 and h.
9
Let m be (258*(-3)/(-15))/((-60)/(-200)). Let r = m - 151. Calculate the greatest common factor of 441 and r.
21
Let l(o) = -38*o - 6. Let w be (2/(-9) - (-22)/18) + -3. Let z be l(w). Suppose 0 = -v - 5*a, -5*a + 4 + 6 = 2*v. What is the greatest common factor of z and v?
10
Suppose -2*q = -a + 24, 435*a - 437*a + 5*q + 52 = 0. Suppose -3*g - 3*p = 2*p - 11, -3*g = 2*p - 26. Calculate the highest common divisor of g and a.
4
Let o(w) = 8*w**2 + 25. Suppose -11 = -2*r - 3*z, z + 53 = -0*r + 5*r. Let s be o(r). Suppose -8*v = 3*v - s. Calculate the greatest common factor of v and 30.
15
Let w = 3728 - 3724. Suppose 28 = -0*j + j. Calculate the highest common divisor of w and j.
4
Suppose -15*d + 58 + 107 = 0. Suppose -520 = -d*z + 448. What is the highest common factor of z and 121?
11
Let y(s) = -s**3 - 12*s**2 - 40*s - 28. Let j be y(-7). What is the greatest common divisor of j and 898?
1
Suppose -1419*q + 1364*q + 168 = -162. What is the greatest common divisor of q and 31134?
6
Let b(q) = -q**3 - 7*q**2 - 9. Let o be b(-7). Let h = 39 - o. Let s = 209993 - 209849. Calculate the greatest common factor of h and s.
48
Let j(r) = -r**2 + 14*r - 13. Let k be (-2)/2*(-3 + 3 + 45). Let n = k - -54. Let p be j(n). Calculate the highest common divisor of p and 16.
16
Let x = 1804 + -1522. Calculate the highest common factor of x and 4371.
141
Let i = -22 - -26. Let k = -162 + 266. Suppose 0 = -11*w + k + 28. Calculate the greatest common factor of i and w.
4
Suppose s + 60 = 4*o + 2*s, 5*o - 66 = s. Suppose 0 = o*g - 753 + 291. Calculate the greatest common factor of 99 and g.
33
Let c(q) = -10*q**2 - 80*q + 622. Let a(f) = -3*f**2 - 27*f + 207. Let r(p) = -7*a(p) + 2*c(p). Let k be r(-37). Calculate the highest common factor of k and 7.
7
Let t be (-8192)/(-2) + 7 + -1 + 2 + -16. Calculate the greatest common factor of 168 and t.
56
Let o(b) = 8*b + 20*b - 9*b + 13. Let r be o(-4). Let c be (-7)/r + (-1007)/(-9). What is the greatest common divisor of c and 16?
16
Let l be 6098/24 + (-109)/1308. Calculate the highest common divisor of 1905 and l.
127
Suppose 0 = 72*t + 1058 - 5234. Calculate the highest common factor of t and 8207.
29
Suppose 39*t - 372 = 33*t. Calculate the highest common factor of 4 and t.
2
Let z(k) = k**2 + 9*k + 10. Let w be z(-4). Let v be (w - -34)*(-50)/(-8). What is the greatest common divisor of 60 and v?
30
Suppose 108363 = 140*a + 1543. What is the greatest common divisor of a and 4142?
109
Let h(g) = -12 - 54*g + 1 + 12. Suppose a = -4*a, 3*j - 5*a = -3. Let x be h(j). What is the greatest common divisor of x and 11?
11
Suppose -12*n + 1226 = -8*n - 3*y, n = 4*y + 300. Calculate the highest common factor of n and 72.
4
Suppose 104*x - 306 = 89*x + 744. Let v be 704/10 + (-22)/55. Calculate the greatest common divisor of v and x.
70
Suppose -2*i - i = -258. Let x = i + -81. Suppose x*l = 6*l - 4. Calculate the highest common factor of 28 and l.
4
Let i = -33143 - -37614. What is the highest common factor of 85 and i?
17
Let k(t) = t**3 + 10*t + 192. Let a be k(-5). Let j(r) = 220*r**2 - 3*r - 2. Let h be j(-2). What is the greatest common divisor of h and a?
17
Let r be (6 - 42/9)*181188/112. Calculate the highest common factor of 6 and r.
3
Let i = 204 - 200. Suppose -i*s = -14*s + 460. Calculate the highest common factor of 184 and s.
46
Let m(l) = -21*l - 890. Let b be m(-89). What is the highest common factor of 267 and b?
89
Let w be -8 - 22*(-7 - -4). What is the greatest common factor of w and 638?
58
Let c = -2403 - -2459. Calculate the greatest common divisor of c and 1064.
56
Suppose -3*f + 4*v + 328 = -235, 0 = 4*f + v - 719. Let j = 661 - f. What is the highest common factor of j and 60?
60
Let v = -41 + 69. Suppose 121*b - 26*b = 11305. Calculate the greatest common divisor of v and b.
7
Let x be ((-8)/(-3))/((-4)/(-12)). Let h(m) = 2*m**2 - 136*m + 2240. Let a be h(26). Calculate the highest common divisor of a and x.
8
Suppose 663 = 16*j + 4*j - 103217. What is the highest common divisor of 294 and j?
98
Let x(z) = -z**3 + 9*z**2 + z - 5. Let j be x(9). Suppose j*y - 387 + 47 = 0. Let f = -339 - -356. Calculate the highest common factor of y and f.
17
Suppose 88*b = 241805 - 3677. What is the highest common divisor of 33 and b?
33
Suppose 2040 = -4*l - 5*x, 7*l - 6*l - 2*x = -523. Let z = 931 + l. What is the greatest common factor of 26 and z?
26
Let b be (7/((-210)/(-234)))/((-1)/(-5)). Suppose 3*a - 35 = -4*k + 47, a - k - b = 0. Calculate the highest common divisor of 1054 and a.
34
Suppose 14*u - 2222 = -2*d + 11*u, 2*u = -5*d + 5555. Calculate the highest common divisor of d and 505.
101
Let c(x) = -2*x**2 - 64*x - 14. Let q be c(-29). What is the highest common factor of 224 and q?
32
Let x = -21477 - -21653. Suppose -w = -5*w + 132. Calculate the highest common divisor of w and x.
11
Let x(z) = z**3 + 41*z**2 - 100*z + 743. Let l be x(-42). Calculate the greatest common divisor of l and 11.
11
Let x be (-10)/15 - (-1981)/(-3). Let j(h) = -61*h**2 + 62*h - 2. Let u be j(3). Let v = u - x. What is the greatest common divisor of 37 and v?
37
Suppose -41*w - 53*w + 282 = 0. What is the greatest common divisor of w and 7?
1
Let p be (-4)/(6*(-2)/60). Calculate the greatest common divisor of p and 1140.
20
Suppose 199*o - 575*o = -472256. What is the greatest common divisor of 4867 and o?
157
Let x(i) = -23*i + 9. Let o be x(-13). Let k = o + -113. Suppose -k = 13*d - 16*d. Calculate the greatest common divisor of 26 and d.
13
Suppose -2*d = -3*c - 41, d - 3*c + 39 = 4*d. Suppose -p + 29 = -d. Let z be (p/27)/((-1)/(-36)). What is the greatest common divisor of z and 15?
15
Let i = 61 + -23. Suppose 25*h - 19*h - 882 = 0. Let p = -145 + h. What is the highest common factor of p and i?
2
Let k = -7903 + 8389. What is the highest common factor of k and 12?
6
Suppose -26*h + 3988 - 2881 + 3417 = 0. What is the greatest common factor of h and 3045?
87
Suppose 6*s = 12*s - 138. Suppose 7669 = -34*a + 40513. Calculate the highest common factor of s and a.
23
Let i = 1405 + -1383. Calculate the highest common factor of 5005 and i.
11
Let l(u) = 4*u**2 + 60*u + 61. Let r be l(-24). Calculate the greatest common factor of r and 259.
37
Suppose 23*s - 9522 = -3243. Let y(k) = 20*k**2 + 2*k - 1. Let d be y(1). What is the greatest common divisor of s and d?
21
Let w be (-3 + (-3)/6*-285)/((-14)/(-84)). W